{"id":106,"date":"2023-04-06T11:43:22","date_gmt":"2023-04-06T09:43:22","guid":{"rendered":"https:\/\/wiercigroch.pl\/blog\/?page_id=106"},"modified":"2023-04-06T11:45:13","modified_gmt":"2023-04-06T09:45:13","slug":"pasma-gorskie-w-polsce","status":"publish","type":"page","link":"https:\/\/wiercigroch.pl\/blog\/pasma-gorskie-w-polsce\/","title":{"rendered":"Pasma g\u00f3rskie w Polsce"},"content":{"rendered":"\n<p>Pasma g\u00f3rskie w Polsce wchodz\u0105 w sk\u0142ad trzech \u0142a\u0144cuch\u00f3w g\u00f3rskich &#8211; z nich s\u0105 G\u00f3ry \u015awi\u0119tokrzyskie oraz Sudety, a najm\u0142odszym Karpaty. W sumie na terenie naszego kraju jest 46 pasm g\u00f3rskich.<\/p>\n\n\n\n<p><a href=\"https:\/\/wiercigroch.pl\/blog\/karpackie-pasma-gorskie\/\" data-type=\"page\" data-id=\"84\">Karpackie pasma g\u00f3rskie<\/a><\/p>\n\n\n\n<p><a href=\"https:\/\/wiercigroch.pl\/blog\/sudeckie-pasma-gorskie-w-polsce\/\" data-type=\"page\" data-id=\"82\">Sudeckie pasma g\u00f3rskie<\/a><\/p>\n","protected":false},"excerpt":{"rendered":"<p>Pasma g\u00f3rskie w Polsce wchodz\u0105 w sk\u0142ad trzech \u0142a\u0144cuch\u00f3w g\u00f3rskich &#8211; z nich s\u0105 G\u00f3ry \u015awi\u0119tokrzyskie oraz Sudety, a najm\u0142odszym Karpaty. W sumie na terenie naszego kraju jest 46 pasm g\u00f3rskich. Karpackie pasma g\u00f3rskie Sudeckie pasma g\u00f3rskie<\/p>\n","protected":false},"author":1,"featured_media":0,"parent":0,"menu_order":0,"comment_status":"closed","ping_status":"closed","template":"","meta":{"footnotes":""},"class_list":["post-106","page","type-page","status-publish","hentry"],"_links":{"self":[{"href":"https:\/\/wiercigroch.pl\/blog\/wp-json\/wp\/v2\/pages\/106","targetHints":{"allow":["GET"]}}],"collection":[{"href":"https:\/\/wiercigroch.pl\/blog\/wp-json\/wp\/v2\/pages"}],"about":[{"href":"https:\/\/wiercigroch.pl\/blog\/wp-json\/wp\/v2\/types\/page"}],"author":[{"embeddable":true,"href":"https:\/\/wiercigroch.pl\/blog\/wp-json\/wp\/v2\/users\/1"}],"replies":[{"embeddable":true,"href":"https:\/\/wiercigroch.pl\/blog\/wp-json\/wp\/v2\/comments?post=106"}],"version-history":[{"count":4,"href":"https:\/\/wiercigroch.pl\/blog\/wp-json\/wp\/v2\/pages\/106\/revisions"}],"predecessor-version":[{"id":114,"href":"https:\/\/wiercigroch.pl\/blog\/wp-json\/wp\/v2\/pages\/106\/revisions\/114"}],"wp:attachment":[{"href":"https:\/\/wiercigroch.pl\/blog\/wp-json\/wp\/v2\/media?parent=106"}],"curies":[{"name":"wp","href":"https:\/\/api.w.org\/{rel}","templated":true}]}}