{"id":147,"date":"2025-07-29T20:00:35","date_gmt":"2025-07-29T18:00:35","guid":{"rendered":"https:\/\/wiercigroch.pl\/blog\/?page_id=147"},"modified":"2025-07-29T20:00:35","modified_gmt":"2025-07-29T18:00:35","slug":"lysica","status":"publish","type":"page","link":"https:\/\/wiercigroch.pl\/blog\/lysica\/","title":{"rendered":"\u0141ysica"},"content":{"rendered":"\n<p>\u0141ysica to najwy\u017cszy szczyt G\u00f3r \u015awi\u0119tokrzyskich, wznosz\u0105cy si\u0119 na wysoko\u015b\u0107 614m n.p.m. (konkretnie 613,96m). Znajduje si\u0119 w zachodniej cz\u0119\u015bci pasma \u0141ysog\u00f3r, na po\u0142udniowy wsch\u00f3d od wsi \u015awi\u0119ta Katarzyna i jest obj\u0119ty ochron\u0105 w ramach \u015awi\u0119tokrzyskiego Parku Narodowego. Szczyt \u0141ysicy wyr\u00f3\u017cnia si\u0119 dwoma wierzcho\u0142kami: zachodnim (613m), gdzie stoi charakterystyczny drewniany krzy\u017c, i wschodnim \u2013 zwanym Ska\u0142\u0105 Agaty (614m), b\u0119d\u0105cym faktycznie najwy\u017cszym punktem.<\/p>\n\n\n\n<p>Obszar szczytowy \u0141ysicy jest kamienisty, pokryty lasem (jod\u0142owym i bukowym) oraz charakterystycznymi dla tego regionu go\u0142oborzami, czyli skalnymi rumowiskami. Na po\u0142udniowym stoku znajduje si\u0119 niewielkie torfowisko, a w okolicznych lasach wyst\u0119puje wiele ciekawych gatunk\u00f3w ro\u015blin i ptak\u00f3w.<\/p>\n\n\n\n<p><strong>Szlaki turystyczne na \u0141ysic\u0119<\/strong>:<\/p>\n\n\n\n<p>Na \u0141ysic\u0119 prowadzi przede wszystkim <strong>czerwony szlak turystyczny<\/strong>, b\u0119d\u0105cy fragmentem G\u0142\u00f3wnego Szlaku \u015awi\u0119tokrzyskiego im. Edmunda Massalskiego. To jedyny znakowany szlak biegn\u0105cy przez sam szczyt.<\/p>\n\n\n\n<p><strong>Najpopularniejsze wej\u015bcia:<\/strong><\/p>\n\n\n\n<ul class=\"wp-block-list\">\n<li><strong>Szlak ze \u015awi\u0119tej Katarzyny (wariant zachodni)<\/strong>:<ul><li>Oznaczenie: czerwony<\/li><\/ul><ul><li>D\u0142ugo\u015b\u0107 trasy: ok. 5km w obie strony<\/li><\/ul><ul><li>Czas przej\u015bcia: 2\u20132,5 godziny w obie strony<\/li><\/ul><ul><li>Przebieg: \u015awi\u0119ta Katarzyna \u2013 Puszcza Jod\u0142owa \u2013 \u0179r\u00f3d\u0142o i kapliczka \u015bw. Franciszka \u2013 \u0141ysica \u2013 powr\u00f3t t\u0105 sam\u0105 tras\u0105<\/li><\/ul>\n<ul class=\"wp-block-list\">\n<li>Trasa jest \u0142atwa, dobrze przygotowana i odpowiednia tak\u017ce dla mniej do\u015bwiadczonych turyst\u00f3w oraz rodzin z dzie\u0107mi<\/li>\n<\/ul>\n<\/li>\n\n\n\n<li><strong>Szlak z Kakonina (wariant wschodni)<\/strong>:<ul><li>Oznaczenie: czerwony (G\u0142\u00f3wny Szlak \u015awi\u0119tokrzyski)<\/li><\/ul><ul><li>Start: Kakonin, przy starej zagrodzie ch\u0142opskiej<\/li><\/ul>\n<ul class=\"wp-block-list\">\n<li>Trasa prowadzi przez Prze\u0142\u0119cz \u015bw. Miko\u0142aja i jest d\u0142u\u017csza oraz \u0142agodniejsza ni\u017c szlak z \u015awi\u0119tej Katarzyny, ale mniej ucz\u0119szczana.<\/li>\n<\/ul>\n<\/li>\n<\/ul>\n\n\n\n<p>Obie te opcje umo\u017cliwiaj\u0105 zdobycie zar\u00f3wno zachodniego wierzcho\u0142ka z krzy\u017cem, jak i (po przej\u015bciu kawa\u0142ka grani) wy\u017cszego, ale mniej dost\u0119pnego wschodniego punktu \u2013 Ska\u0142y Agaty.<\/p>\n\n\n\n<p>Dodatkowo w okolicy przebiegaj\u0105 inne szlaki (niebieski, \u017c\u00f3\u0142ty, zielony), ale jedynie czerwony prowadzi na sam\u0105 \u0141ysic\u0119.<\/p>\n\n\n\n<p><strong>Podsumowuj\u0105c<\/strong>: wej\u015bcie na \u0141ysic\u0119 najlepiej rozpocz\u0105\u0107 znakowanym czerwonym szlakiem z \u015awi\u0119tej Katarzyny lub Kakonina. Szczyt stanowi atrakcyjny cel zar\u00f3wno dla zdobywc\u00f3w Korony G\u00f3r Polski, jak i os\u00f3b szukaj\u0105cych \u0142atwej, malowniczej wycieczki w G\u00f3rach \u015awi\u0119tokrzyskich.<\/p>\n","protected":false},"excerpt":{"rendered":"<p>\u0141ysica to najwy\u017cszy szczyt G\u00f3r \u015awi\u0119tokrzyskich, wznosz\u0105cy si\u0119 na wysoko\u015b\u0107 614m n.p.m. (konkretnie 613,96m). Znajduje si\u0119 w zachodniej cz\u0119\u015bci pasma \u0141ysog\u00f3r, na po\u0142udniowy wsch\u00f3d od wsi \u015awi\u0119ta Katarzyna i jest obj\u0119ty ochron\u0105 w ramach \u015awi\u0119tokrzyskiego Parku Narodowego. Szczyt \u0141ysicy wyr\u00f3\u017cnia si\u0119 dwoma wierzcho\u0142kami: zachodnim (613m), gdzie stoi charakterystyczny drewniany krzy\u017c, i wschodnim \u2013 zwanym Ska\u0142\u0105 [&hellip;]<\/p>\n","protected":false},"author":1,"featured_media":0,"parent":0,"menu_order":0,"comment_status":"closed","ping_status":"closed","template":"","meta":{"footnotes":""},"class_list":["post-147","page","type-page","status-publish","hentry"],"_links":{"self":[{"href":"https:\/\/wiercigroch.pl\/blog\/wp-json\/wp\/v2\/pages\/147","targetHints":{"allow":["GET"]}}],"collection":[{"href":"https:\/\/wiercigroch.pl\/blog\/wp-json\/wp\/v2\/pages"}],"about":[{"href":"https:\/\/wiercigroch.pl\/blog\/wp-json\/wp\/v2\/types\/page"}],"author":[{"embeddable":true,"href":"https:\/\/wiercigroch.pl\/blog\/wp-json\/wp\/v2\/users\/1"}],"replies":[{"embeddable":true,"href":"https:\/\/wiercigroch.pl\/blog\/wp-json\/wp\/v2\/comments?post=147"}],"version-history":[{"count":1,"href":"https:\/\/wiercigroch.pl\/blog\/wp-json\/wp\/v2\/pages\/147\/revisions"}],"predecessor-version":[{"id":148,"href":"https:\/\/wiercigroch.pl\/blog\/wp-json\/wp\/v2\/pages\/147\/revisions\/148"}],"wp:attachment":[{"href":"https:\/\/wiercigroch.pl\/blog\/wp-json\/wp\/v2\/media?parent=147"}],"curies":[{"name":"wp","href":"https:\/\/api.w.org\/{rel}","templated":true}]}}