{"id":75,"date":"2023-04-06T11:48:54","date_gmt":"2023-04-06T09:48:54","guid":{"rendered":"https:\/\/wiercigroch.pl\/blog\/?page_id=75"},"modified":"2025-03-03T18:16:12","modified_gmt":"2025-03-03T17:16:12","slug":"schroniska-w-beskidzie-slaskim","status":"publish","type":"page","link":"https:\/\/wiercigroch.pl\/blog\/schroniska-w-beskidzie-slaskim\/","title":{"rendered":"Schroniska w Beskidzie \u015al\u0105skim"},"content":{"rendered":"\n<ul class=\"wp-block-list\">\n<li><a href=\"https:\/\/wiercigroch.pl\/blog\/schroniska-bacowki-i-hotele-gorskie\/schronisko-pttk-na-stozku\/\" data-type=\"page\" data-id=\"25\">Schronisko PTTK \u201eSto\u017cek<\/a>\u201d<\/li>\n\n\n\n<li><a href=\"https:\/\/wiercigroch.pl\/blog\/schroniska-bacowki-i-hotele-gorskie\/schronisko-soszow\/\" data-type=\"page\" data-id=\"32\">Schronisko \u201eSosz\u00f3w\u201d<\/a><\/li>\n\n\n\n<li>Schronisko PTTK Przys\u0142op pod Barani\u0105 G\u00f3r\u0105<\/li>\n\n\n\n<li>Schronisko G\u00f3rskie PTTK \u201eR\u00f3wnica\u201d<\/li>\n\n\n\n<li>Schronisko M\u0142odzie\u017cowe PTSM \u201eWiecha\u201d<\/li>\n\n\n\n<li>Schronisko PTTK \u201eSkrzyczne\u201d (oko\u0142o 1250 m n.p.m.)<\/li>\n\n\n\n<li>Schronisko PTTK \u201eKlimczok\u201d (oko\u0142o 1060 m n.p.m.)<\/li>\n\n\n\n<li>Schronisko PTTK \u201eSzyndzielnia\u201d (oko\u0142o 1000 m n.p.m.)<\/li>\n\n\n\n<li>Szkolne Schronisko M\u0142odzie\u017cowe \u201eHondrasik\u201d<\/li>\n\n\n\n<li>Szkolne Schronisko M\u0142odzie\u017cowe PTSM w Buczkowicach<\/li>\n\n\n\n<li>Schronisko PTTK na B\u0142atniej&nbsp;(891 m n.p.m.)<\/li>\n\n\n\n<li>Schronisko Telesfor\u00f3wka<\/li>\n\n\n\n<li>Schronisko Chata Wuja Toma<\/li>\n\n\n\n<li>Schronisko na Stefance (Koziej G\u00f3rce)<\/li>\n\n\n\n<li>Schronisko na Stec\u00f3wce<\/li>\n<\/ul>\n","protected":false},"excerpt":{"rendered":"","protected":false},"author":1,"featured_media":0,"parent":0,"menu_order":0,"comment_status":"closed","ping_status":"closed","template":"","meta":{"footnotes":""},"class_list":["post-75","page","type-page","status-publish","hentry"],"_links":{"self":[{"href":"https:\/\/wiercigroch.pl\/blog\/wp-json\/wp\/v2\/pages\/75","targetHints":{"allow":["GET"]}}],"collection":[{"href":"https:\/\/wiercigroch.pl\/blog\/wp-json\/wp\/v2\/pages"}],"about":[{"href":"https:\/\/wiercigroch.pl\/blog\/wp-json\/wp\/v2\/types\/page"}],"author":[{"embeddable":true,"href":"https:\/\/wiercigroch.pl\/blog\/wp-json\/wp\/v2\/users\/1"}],"replies":[{"embeddable":true,"href":"https:\/\/wiercigroch.pl\/blog\/wp-json\/wp\/v2\/comments?post=75"}],"version-history":[{"count":5,"href":"https:\/\/wiercigroch.pl\/blog\/wp-json\/wp\/v2\/pages\/75\/revisions"}],"predecessor-version":[{"id":130,"href":"https:\/\/wiercigroch.pl\/blog\/wp-json\/wp\/v2\/pages\/75\/revisions\/130"}],"wp:attachment":[{"href":"https:\/\/wiercigroch.pl\/blog\/wp-json\/wp\/v2\/media?parent=75"}],"curies":[{"name":"wp","href":"https:\/\/api.w.org\/{rel}","templated":true}]}}